34 = 6*p - v. What are the prime factors of p?
2, 3, 13
Suppose -20*a + 206 = 46. Let g(o) = -1. Let m(d) = -3*d + 16. Let k(f) = -44*g(f) - 4*m(f). What are the prime factors of k(a)?
2, 19
Suppose 4*t + 10762 = q, -3*q + q + 21527 = -9*t. What are the prime factors of q?
2, 5, 43
Let d = 383 + -358. Suppose d*n - 16*n = 5013. What are the prime factors of n?
557
Let a = 452 - 448. Suppose 5*k + 190 - 4181 = u, a*u + 1582 = 2*k. What are the prime factors of k?
17, 47
Suppose 4*y - 10516 + 932 = 4*z, 0 = 5*y + 2*z - 11952. What are the prime factors of y?
2, 13, 23
Suppose 29*d = -86*d + 4*d + 618048. What are the prime factors of d?
2, 3, 29
Suppose 4499*f = 4502*f - 144306. What are the prime factors of f?
2, 3, 8017
Let l be (-2 + (-4)/2 - -5) + 1. Let i(g) = 117*g**2 + g - 8. What are the prime factors of i(l)?
2, 3, 7, 11
Suppose 0 = -3*z - 3*m + 13836, -7*z + 4*z + 2*m = -13846. Suppose 7698 = 5*o + 4*v, v + 3*v - z = -3*o. What are the prime factors of o?
2, 3, 257
Suppose 4*q = -4*c + 168, 2*q - 3*c = c + 84. Suppose -y = q - 209. List the prime factors of y.
167
Let i be 9 - 10/15*9/3. Suppose -11*m + 16 = -i*m. Suppose -2*k = -m*a + 242, -3*a + 5*k = -61 - 110. List the prime factors of a.
2, 31
Suppose 0 = 4*o + 2*r - 12234, o - 2*o - 4*r + 3048 = 0. Suppose -7 = -j - 2, j - o = -5*i. List the prime factors of i.
13, 47
Let r = 281 + 705. Suppose -7*a + 247 = -6*a - q, 4*a - r = 5*q. What are the prime factors of a?
3, 83
Let r = -71 + 129. Let n = r + 7. List the prime factors of n*((-2)/(-20))/((-2)/(-32)).
2, 13
Let q(f) = 11*f**2 - 106*f + 1. Let p be q(21). Suppose 0 = -3*z + 6, 5*z = -3*u - 0*u + p. What are the prime factors of u?
2, 109
Let g(q) = -10*q + 971. What are the prime factors of g(-18)?
1151
Let p be -2 + ((-47)/(-2) - 6/12). Let b = p + -19. Suppose -b*v = -d + 15, -v + 3*v = 3*d - 25. What are the prime factors of d?
5
Let y(c) = -6*c + 2*c**2 + c + 14 - 15 + 61 + 0*c. List the prime factors of y(-19).
877
Let m be 0/2*2/2. Let o(q) = -6*q + 43 - q**2 - 7*q + 3*q + 3*q + 6*q. What are the prime factors of o(m)?
43
Let v be 4/(-46) + 88102/2254. Suppose v*l + 5*l = 19756. What are the prime factors of l?
449
Let h = 534 + 64. Let y = -211 + h. List the prime factors of y.
3, 43
Let k(q) be the second derivative of 2*q**3 - 55*q**2/2 + 3*q + 1. Let d be k(5). Suppose -4*x = r - 2*x - 135, -711 = -d*r + 2*x. List the prime factors of r.
3, 47
Let g(f) = 95*f + 13. Let v be g(7). Let k = -331 + v. List the prime factors of k.
347
Suppose -5*u + 28 = -5*m - 277, 2*u + m - 110 = 0. Suppose -u*p - 8764 = -64*p. What are the prime factors of p?
2, 313
Suppose 364086 = 11*u - 83790. List the prime factors of u.
2, 3, 13, 29
Let g be (-464 - 5)/((-1)/1) + -3. What are the prime factors of (-12 + 11)/((-2)/g)?
233
Suppose 3685 = -4*h + c + 1051, -3*c = h + 652. Let n = h + 1215. What are the prime factors of n?
557
Let i(b) = 3*b**2 + 8*b + 36. Let h be i(-26). Suppose 0 = 11*n - 7*n - h. What are the prime factors of n?
2, 29
Suppose q - 1601 - 3695 = 0. List the prime factors of q.
2, 331
Let z(d) = 1597*d**2 - 4*d + 3. Let a be z(1). Suppose -23*w = -26*w + a. Suppose 95 = s - 5*x, 4*s + 136 - w = 4*x. List the prime factors of s.
2, 5
Let q = -20272 + 98294. List the prime factors of q.
2, 7, 5573
Suppose 0 = -3*l - 27, l - 261770 = -5*b - 34849. What are the prime factors of b?
2, 11, 2063
Let m(f) = -3*f**2 + 4*f - 13. Let s(k) = k**2 + k + 2. Let t(u) = m(u) + 4*s(u). List the prime factors of t(12).
5, 47
Suppose -3*d = 2*n - 98421, -2*n = 369*d - 364*d - 164027. List the prime factors of d.
32803
Let w(r) = 11*r**3 + 3*r**2 - 4*r. Let n be w(1). Suppose -n*d + 11703 - 423 = 0. List the prime factors of d.
2, 3, 47
Suppose 19*i + 9937563 = 198*i + 2583527. List the prime factors of i.
2, 10271
Let y(p) = -7*p**2 - p. Let i be y(-1). Let d(h) = -h**3 - 6*h**2 - 12. Let f be d(i). What are the prime factors of f/8*-30*(-3)/(-9)?
3, 5
Suppose 0 = -5*m - 1754 + 14094. List the prime factors of m.
2, 617
Let f(a) be the first derivative of 52*a**2 + 42*a - 26. Let m be f(10). Suppose 87 = -5*q + m. What are the prime factors of q?
199
Let c be (-1 - -7)/((-1)/(-49)). Suppose 10*y = -q + 13*y - 6, -5*q + 3*y = -18. Suppose q*k = 3*k + c. List the prime factors of k.
2, 7
Let s be 7/((-14)/(-8)) + 895. Suppose -s = -0*c - c. Suppose c = 5*m - 3*a, 4*m - 159 = 2*a + 561. List the prime factors of m.
181
Let s be (-14694)/(-9) - 4/6. Let n = 3224 - s. List the prime factors of n.
2, 199
Let k be 10*(44/(-24) + (-2)/12). Let z(y) = y**2 + 14*y + 65. List the prime factors of z(k).
5, 37
Suppose -5*i - 19 = -2*b - 2*b, -i + 7 = b. Let l be (9/(-2))/((-3)/b). Suppose 3 = -l*o + 912. List the prime factors of o.
101
Suppose -2*p + 3*t + 97496 = 0, -23*t + 24*t = -5*p + 243706. What are the prime factors of p?
2, 24371
Let i(c) = 18*c + 88. Let r be i(-5). Let v = -4 + 5. List the prime factors of 0 + r - (-1 + (v - 26)).
2, 3
Let n(l) = 2*l**2 + 15*l + 21. Let r be n(-6). Suppose 228 = t + r*t. What are the prime factors of t?
3, 19
Let x(p) be the second derivative of 7*p**5/20 + p**4/4 - 7*p**2/2 - p + 1. List the prime factors of x(3).
11, 19
Let f(o) = 11*o**2 - 66*o + 378. List the prime factors of f(-45).
3, 13, 73
Suppose 104 - 14 = -3*i. Let q = 51 + -102. List the prime factors of (q/9 + 2)*i.
2, 5, 11
Let b(q) = 734*q - 228. List the prime factors of b(8).
2, 17, 83
Let h = 21112 - 12947. Suppose h = 19*w - 11329. List the prime factors of w.
2, 3, 19
Let b(c) = -c**2 - 90*c - 135. What are the prime factors of b(-56)?
29, 61
Let h(j) = j**3 - 3*j**2 + j + 2. Let v be h(2). Let x(p) = -p + 40. Let b be x(v). List the prime factors of ((-198)/48*2)/((-2)/b).
3, 5, 11
Suppose 591*y = 102*y + 8268863 + 18371857. What are the prime factors of y?
2, 3, 5, 227
Let n(d) = -4*d**2 - 2*d + 14. Let o(j) = -j**2 + 2. Let k(g) = n(g) - 6*o(g). Suppose y = -3*w + 21, -2*w - 3*w + 52 = -4*y. List the prime factors of k(w).
2, 3, 19
Let d be (-5*3/(-15) + -1)/2. Suppose y - 712 - 872 = d. List the prime factors of y.
2, 3, 11
Suppose -3*l + 10 = 4. Suppose l - 2 = -5*m. Suppose -c + 4*p + 0*p + 111 = m, 5*p = -4*c + 528. What are the prime factors of c?
127
Let w = -565 - -1119. List the prime factors of (w - (-5 - -3)) + -3.
7, 79
Let a = -9927 + 16771. What are the prime factors of a?
2, 29, 59
Suppose -97314 = 88*h - 109*h. List the prime factors of h.
2, 7, 331
Suppose 8 = 2*b + 2. Let a(c) = 29*c**2 - c + 4*c**b + 10*c - 22 - 3*c**3 - 17*c**2. List the prime factors of a(-10).
2, 11
Let q(a) = 7*a + 23. Let d be q(-3). Suppose -5*w = 4*f - 2*w - 1326, 2*f + d*w = 662. List the prime factors of f.
3, 37
What are the prime factors of 24/(-36) - (-490088)/12?
2, 5, 1021
Let j be -118 + (-2)/(-6)*-3. Let i = -93 - j. Suppose -2*t + 2*w = -298, -i = -5*t + 4*w + 721. What are the prime factors of t?
151
Let t = -361 - -734. Let g = -228 + t. List the prime factors of g.
5, 29
Let t(k) = -16*k**2 - 7*k + 4858. List the prime factors of t(0).
2, 7, 347
Suppose -123 = 5*z - 153, -q - 2*z = -16588. What are the prime factors of q?
2, 7, 37
Suppose 2*k + 0*k - 440 = 0. Let q(f) = f**3 - 8*f**2 + 54. Let p be q(7). Suppose -k = -p*o + o. What are the prime factors of o?
5, 11
Let t = -39 - -42. Suppose -2*j + 576 = t*v, 4*j - 306 - 652 = -5*v. Suppose -3*b = -l + v, 0 = -4*b + 1 - 17. What are the prime factors of l?
2, 7, 13
What are the prime factors of (-15 + 2 + 26)/((-1)/(-5178)*2)?
3, 13, 863
Let n = 94 - 99. Let k be 10/(-25) - 12/n. Suppose -3*p = -k*p - 188. List the prime factors of p.
2, 47
Let b = -2471 + 7593. List the prime factors of b.
2, 13, 197
Let b(x) = x**3 + 19*x**2 + 9*x - 45. Let d be b(-17). Suppose -z - 4*j = -d, -2*z + 4*j = 6*j - 778. What are the prime factors of z?
2, 7
Let i = 32 + -24. Let b(v) = v - 5. Let g be b(i). Suppose -m = -g*m - 2*d + 58, 4*d + 52 = 3*m. What are the prime factors of m?
2, 3
Suppose -52 = r + 21. Let p = 58 - 98. Let o = p - r. What are the prime factors of o?
3, 11
Let q(b) be the third derivative of 0*b + 1/30*b**5 + 1/4*b**4 + 0 - 7/3*b**3 - 7*b**2. What are the prime factors of q(-10)?
2, 3, 7
Let b(n) = 16*n**2 - 54*n - 125. Let h(q) = 3 + q**2 - 8*q**2 + 4*q**2 + 11*q +